 r + 10. What are the prime factors of l?
2, 3
Suppose 6*v - 490 - 296 = 0. List the prime factors of v.
131
Let m(h) be the second derivative of h**4/12 + 2*h**3 + 7*h**2 + 2*h. What are the prime factors of m(-11)?
3
Let l = 6 - -1. Let m be l/(-5) - 6/(-15). What are the prime factors of (0 + -2 - m) + 13?
2, 3
Let c = 233 + -8. What are the prime factors of c?
3, 5
Let m be 0 - 1 - (12 - 0). Let o be (4 - (-21)/(-6))*-2. Let p = o - m. What are the prime factors of p?
2, 3
Let y = -11 - -46. List the prime factors of y.
5, 7
Let t(c) = -c**2 - 5*c - 1. Let y be t(-4). Suppose y*q + 5*v - 69 = 0, v - 48 = -2*q - 3*v. List the prime factors of q.
2, 3
Let q be (2 + -1 + -2)*-3. Suppose -z + q*i + 5 = 0, -2*z + 3*i - i = -6. What are the prime factors of z?
2
Let r(v) be the third derivative of 1/24*v**4 + 7/30*v**5 + 0*v**3 - v**2 + 0*v + 0. What are the prime factors of r(-1)?
13
Let z = 11 - 2. List the prime factors of z.
3
Suppose 5*k = 2*k + 117. List the prime factors of k.
3, 13
Let f(p) = p**3 - 4*p**2 - 6*p - 5. Let x be f(5). List the prime factors of 4/x + 37/5.
7
Let q(h) = -24*h. List the prime factors of q(-1).
2, 3
Suppose 22 = 2*m - 4. Suppose -l - 4*z + m = -0*z, -l + 9 = 3*z. Let o = l - -5. What are the prime factors of o?
2
Let a = 656 + -396. What are the prime factors of a?
2, 5, 13
Suppose -5*b - 5*i = -10*i, -5*i = -2*b - 9. Suppose b = q - 5. Suppose -4*y + q + 24 = 0. What are the prime factors of y?
2
Let f(a) = a**3 - 8*a**2 + a - 2. What are the prime factors of f(8)?
2, 3
Let d = -201 - -295. List the prime factors of d.
2, 47
Let m = 31 - 13. List the prime factors of m.
2, 3
What are the prime factors of 42 + (-5 - -10) + 1?
2, 3
Let r(a) = -a**2 + 10*a - 8. List the prime factors of r(8).
2
Suppose -3*x + x - 2*n - 2 = 0, 5*n + 5 = -x. Suppose 4 = 2*v - x*v. Suppose v*u - 4 = u. What are the prime factors of u?
2
Suppose -5*o + 43 = -152. List the prime factors of o.
3, 13
Let f(y) = -y**3 + 4*y**2 + 3*y - 2. Let n be f(4). Let c = -16 + n. What are the prime factors of (-8)/48 - 37/c?
2, 3
Let k = -27 + 94. What are the prime factors of k?
67
Suppose 3*t + 0*t = -6. What are the prime factors of t/4 - (-125)/10?
2, 3
Suppose -4*m + 4*d = -7 - 13, -2*d + 44 = 4*m. What are the prime factors of m?
3
Let g be (-4)/(-5) - 4354/(-70). Suppose -g = -5*s + 62. What are the prime factors of s?
5
Let w be ((-2)/(-1) + -1)*0. Let j(a) = 3 + w*a + a - a + 4*a + a**2. List the prime factors of j(-6).
3, 5
Let u(c) = c**2 + 7*c + 8. Let r be u(-6). Let p be (r/6)/((-4)/(-36)). Suppose 5*m - 75 = -5*i - 5, -22 = -p*m + i. What are the prime factors of m?
3
Let j(x) = x**3 - 7*x**2 - 5*x - 17. What are the prime factors of j(8)?
7
Let l be ((-27)/(-4))/((-2)/8). Let u be 30/(-9)*3/1. Let z = u - l. What are the prime factors of z?
17
Let j(p) = 3*p - 1. Let r be j(1). List the prime factors of (-1)/(r + (-13)/6).
2, 3
Let f = 170 + -57. List the prime factors of f.
113
Let l(x) = x - 6. What are the prime factors of l(11)?
5
Let u(z) = -z - 3. Let i be u(-7). Suppose 0 = 3*d - i*a - 11 - 8, -d + 2*a = -7. List the prime factors of d + (-1 - -1) - 0.
5
Suppose -p - 2*d - 2 = -4*d, 3*p - 4*d = 0. Let a(q) = 3*q - q**3 - 4*q**2 - p*q - 1 + 1 - 1. List the prime factors of a(-4).
3
Let p be 0*(2 + 3/(-2)). Suppose p = -5*s + 4*g + 149, -97 - 51 = -5*s + 3*g. Suppose s = 5*l + 4. List the prime factors of l.
5
Let u(z) = -3*z - 6. Let f be u(-8). Suppose -w - 4*y + 2 = f, 2*w + 16 = -4*y. Suppose w = -x + 5 + 1. What are the prime factors of x?
2, 3
Let x = 43 - 13. Let r = 44 - x. What are the prime factors of r?
2, 7
Suppose -4*h + 740 = 4*r, 4*h - 849 = -3*r - 113. List the prime factors of h.
181
Let h(d) = -4*d - 3. Let o(c) = -5*c - 3. Let r(p) = 4*h(p) - 3*o(p). Let z be r(-7). Suppose z*t - 44 = 4. List the prime factors of t.
2, 3
Let x(f) = 5*f - 4. Let c be x(3). Let o = 20 - c. Suppose 3*q - o = -4*g + 7, 5*g = 4*q + 51. What are the prime factors of g?
7
Let s = -1 + -4. Let i(y) be the second derivative of -y**3/3 - y**2/2 - 5*y. List the prime factors of i(s).
3
Let g be 8/(-28) + (-5)/7. Let u be 11 + g - 0/2. Let i = u - 4. What are the prime factors of i?
2, 3
Let s(n) = -3*n - 2. Let a be s(-3). Let c(x) = x**2 - 7*x - 5. Let w be c(a). Let t(r) = r**3 + 5*r**2 + 5. What are the prime factors of t(w)?
5
Let w(x) = -3*x**3 - x**2 - x - 2. Let l be w(-2). What are the prime factors of 232/l + (-2)/(-5)?
2, 3
What are the prime factors of (25 - -2)*(1 - (-5 + 3))?
3
Let z(p) = 2*p**2 + p - 10. Let k(m) = -3*m**2 - m + 15. Let o(j) = -5*k(j) - 7*z(j). What are the prime factors of o(-5)?
2, 3, 5
Suppose -10*d + 7*d = 2*k - 238, 2 = k. List the prime factors of d.
2, 3, 13
Suppose 3*i = -0*v + 2*v - 54, 0 = -5*i. What are the prime factors of v?
3
Let g = 4 + 1. What are the prime factors of g?
5
Suppose a - 47 = -f, -2*a - f - 3*f + 96 = 0. What are the prime factors of a?
2, 23
What are the prime factors of -3 + 2 + 25 - -2?
2, 13
Let m(n) = -2*n - 8. Let w(s) = -s - 6. Let j be w(0). List the prime factors of m(j).
2
Suppose 4*x = 4*n - 16, 5*x + n = -0*n - 20. Let m = -1 - x. List the prime factors of m.
3
Let t(w) = w - 3. Let m(z) = -z**2 + 6*z. Let j be m(6). Let a be t(j). Let b = a + 6. List the prime factors of b.
3
Suppose 5*h - h = -4. Let q be -12 + (1 + h - -2). Let y = q - -15. List the prime factors of y.
5
Let g = 24 - -52. List the prime factors of g.
2, 19
Suppose 324 = -2*h + 5*h. List the prime factors of h.
2, 3
Let j(k) be the first derivative of k**3/3 + k**2/2 - 1. Suppose -5*g = 12 - 2. What are the prime factors of j(g)?
2
Let u(p) = -p**3 - 5*p**2 - 6*p + 6. What are the prime factors of u(-5)?
2, 3
Let g be 3 - (-1 + (-2)/(-1)). Suppose g*o + 2*o = 0. Suppose -5*x + o = -20. What are the prime factors of x?
2
Let q(f) = f - 7. Let g be q(3). List the prime factors of -3*5/3*g.
2, 5
Let s(z) = -z**3 + 4*z**2 + 3*z + 2. List the prime factors of s(4).
2, 7
Let h = -231 + 429. List the prime factors of h.
2, 3, 11
Suppose -15 = 3*v, -5*v - 930 = -3*q + 343. What are the prime factors of q?
2, 13
Suppose -633 - 557 = -10*r. List the prime factors of r.
7, 17
Let u(n) = -19*n + 7. What are the prime factors of u(-3)?
2
Let z(y) = y**3 - y. Suppose 6 = 3*s - 0*o - 5*o, 2*s + 3*o = -15. Let l = s - -5. What are the prime factors of z(l)?
2, 3
Let r(d) = d**3 + 6*d**2 + d + 11. List the prime factors of r(-4).
3, 13
Let f be 1/(2/(-5 - -1)). Let s = f + 7. What are the prime factors of s?
5
Let k = -374 + 238. Suppose 5*v = 4*v + 3*d + 20, v = -3*d + 8. List the prime factors of 4/v + k/(-14).
2, 5
Suppose -4*z + 4*a = 0, 0 = z + a - 0 - 4. Suppose 5*v = -20, 0 = -4*u - 0*u + v + 36. Suppose z*c - 6*c = -u. List the prime factors of c.
2
Suppose t - 8 = a, -3*t - 2*a - 1 = -0. List the prime factors of (-15)/((-12)/(-8) - t).
2, 5
Suppose 244 = -2*z + 6*z. List the prime factors of z.
61
Let t = -2 - -4. Let v be t/(-7) + 108/(-14). Let q = v + 11. What are the prime factors of q?
3
Let f(i) = -3 - 5*i - 1 + 3. Let u be f(1). Let z = 5 - u. What are the prime factors of z?
11
Let a(c) = c**3 - 6*c**2 + 4*c - 1. Let f be a(5). Let y be 32/(-3) - f/9. What are the prime factors of ((-20)/(-25))/((-4)/y)?
2
Suppose 4*d + 4 = 5*o - 1, 2*d + 1 = o. What are the prime factors of (-24*(-4)/6)/o?
2
Suppose -2 = -n + 3*p + 14, 3*n - 44 = 5*p. Let o = -6 + n. List the prime factors of o.
7
Let x(u) = 5*u**2 + 4*u**3 + 3*u - 2*u - 3*u**3. List the prime factors of x(-4).
2, 3
Suppose -60 = -3*o - 0*o. Suppose 2*y = o - 0. List the prime factors of y.
2, 5
Suppose -5*j + t + 0*t + 29 = 0, -3*j = -4*t - 14. List the prime factors of j.
2, 3
Suppose -5*h + 4*t = -57 + 11, 0 = 4*h + 2*t - 16. Suppose h*l = 2*l - 160. What are the prime factors of 8/28 - l/7?
2, 3
Let u = -58 - -90. Let m = u - 21. List the prime factors of m.
11
Let r(d) = -24*d**3 + d**2 + 7*d + 5. List the prime factors of r(-2).
11, 17
Let v(y) = 4*y**3 - 3*y**2 + 4*y + 7. Let n(z) = 3*z**3 - 2*z**2 + 3*z + 7. Let o(w) = 3*n(w) - 2*v(w). What are the prime factors of o(0)?
7
Let a = -1 - -33. List the prime factors of a.
2
Let x be 63/1*(3 + -2). Let o = 95 - x. What are the prime factors of o?
2
Let t be (4/6)/(10/45). Suppose 36 = 